1?
6
What is the ten millions digit of 2991000832?
9
What is the hundred millions digit of 2276953911?
2
What is the billions digit of 3814278268?
3
What is the units digit of 68708756?
6
What is the units digit of 2827514766?
6
What is the ten millions digit of 801325595?
0
What is the hundreds digit of 2523418654?
6
What is the thousands digit of 56203461?
3
What is the ten millions digit of 16724312?
1
What is the millions digit of 89325459?
9
What is the thousands digit of 72149062?
9
What is the ten thousands digit of 29912630?
1
What is the billions digit of 1609278024?
1
What is the hundreds digit of 2895379642?
6
What is the tens digit of 185235283?
8
What is the thousands digit of 713825854?
5
What is the tens digit of 33523973?
7
What is the hundred millions digit of 184064795?
1
What is the thousands digit of 27197390?
7
What is the ten millions digit of 32551119?
3
What is the hundreds digit of 1468891417?
4
What is the millions digit of 167336279?
7
What is the hundreds digit of 141580980?
9
What is the units digit of 32450051?
1
What is the hundreds digit of 84842384?
3
What is the hundreds digit of 72324187?
1
What is the thousands digit of 465447467?
7
What is the thousands digit of 266142727?
2
What is the ten millions digit of 21303888?
2
What is the ten millions digit of 26891206?
2
What is the hundreds digit of 226857536?
5
What is the units digit of 17537940?
0
What is the hundred thousands digit of 274110805?
1
What is the units digit of 239027870?
0
What is the ten millions digit of 37548033?
3
What is the ten millions digit of 81404266?
8
What is the thousands digit of 248790151?
0
What is the hundred thousands digit of 368150871?
1
What is the hundred thousands digit of 82442775?
4
What is the tens digit of 91584842?
4
What is the hundred thousands digit of 1208253998?
2
What is the units digit of 1559309908?
8
What is the hundred millions digit of 651089312?
6
What is the ten millions digit of 342558837?
4
What is the thousands digit of 302432207?
2
What is the hundred thousands digit of 1463656789?
6
What is the ten thousands digit of 39004664?
0
What is the tens digit of 4490120429?
2
What is the ten millions digit of 1189060667?
8
What is the thousands digit of 4851348?
1
What is the ten millions digit of 65139733?
6
What is the tens digit of 1472181268?
6
What is the thousands digit of 28093482?
3
What is the billions digit of 2445390619?
2
What is the thousands digit of 1501028456?
8
What is the tens digit of 72857214?
1
What is the units digit of 7088483?
3
What is the tens digit of 54089372?
7
What is the thousands digit of 1917743884?
3
What is the hundred thousands digit of 45804666?
8
What is the tens digit of 431818199?
9
What is the hundreds digit of 586322318?
3
What is the hundreds digit of 1150456161?
1
What is the tens digit of 3055550451?
5
What is the ten millions digit of 11896768?
1
What is the ten millions digit of 584384007?
8
What is the thousands digit of 38421205?
1
What is the hundreds digit of 3008389810?
8
What is the ten millions digit of 512697735?
1
What is the hundred millions digit of 375462425?
3
What is the tens digit of 282837562?
6
What is the millions digit of 2418479734?
8
What is the hundred millions digit of 289766446?
2
What is the units digit of 3692332058?
8
What is the thousands digit of 1524760709?
0
What is the units digit of 50981893?
3
What is the units digit of 386886358?
8
What is the thousands digit of 9009861856?
1
What is the ten millions digit of 5098569771?
9
What is the tens digit of 273469570?
7
What is the hundreds digit of 769902?
9
What is the ten thousands digit of 891188827?
8
What is the units digit of 78274317?
7
What is the ten millions digit of 270667838?
7
What is the hundred millions digit of 6073178576?
0
What is the hundreds digit of 57917040?
0
What is the tens digit of 2979404284?
8
What is the thousands digit of 405304943?
4
What is the hundred millions digit of 352667444?
3
What is the thousands digit of 2049709727?
9
What is the millions digit of 119550777?
9
What is the hundreds digit of 5978879?
8
What is the hundred millions digit of 109816318?
1
What is the thousands digit of 438326959?
6
What is the ten thousands digit of 2465136100?
3
What is the ten thousands digit of 4291099795?
9
What is the ten millions digit of 2321552860?
2
What is the hundred thousands digit of 166302511?
3
What is the tens digit of 1231657052?
5
What is the hundred thousands digit of 41764188?
7
What is the ten thousands digit of 230254271?
5
What is the ten thousands digit of 94938015?
3
What is the units digit of 28200341?
1
What is the hundreds digit of 3397155042?
0
What is the hundreds digit of 411609824?
8
What is the ten thousands digit of 273944313?
4
What is the thousands digit of 67668853?
8
What is the ten thousands digit of 179088747?
8
What is the units digit of 7473833?
3
What is the hundreds digit of 72200084?
0
What is the tens digit of 45059000?
0
What is the thousands digit of 193030509?
0
What is the hundreds digit of 1432430?
4
What is the tens digit of 584036191?
9
What is the tens digit of 45108734?
3
What is the millions digit of 8413676?
8
What is the hundred millions digit of 378704618?
3
What is the hundred thousands digit of 94371592?
3
What is the millions digit of 61392761?
1
What is the hundred thousands digit of 78255065?
2
What is the tens digit of 80760978?
7
What is the hundreds digit of 26503309?
3
What is the millions digit of 4842632761?
2
What is the millions digit of 55270783?
5
What is the hundreds digit of 15293578?
5
What is the millions digit of 1139175?
1
What is the units digit of 496189039?
9
What is the ten millions digit of 305671356?
0
What is the ten thousands digit of 49563735?
6
What is the hundred thousands digit of 58713743?
7
What is the millions digit of 39434241?
9
What is the hundreds digit of 26958494?
4
What is the millions digit of 956768974?
6
What is the units digit of 490633433?
3
What is the ten millions digit of 2487872802?
8
What is the units digit of 1279192900?
0
What is the ten thousands digit of 1788306547?
0
What is the ten thousands digit of 215344044?
4
What is the ten thousands digit of 341248199?
4
What is the tens digit of 13304919?
1
What is the hundred thousands digit of 53379248?
3
What is the millions digit of 446847207?
6
What is the ten thousands digit of 18802964?
0
What is the hundreds digit of 50958225?
2
What is the units digit of 16918191?
1
What is the ten millions digit of 599704859?
9
What is the ten millions digit of 192702704?
9
What is the ten millions digit of 677010343?
7
What is the hundred thousands digit of 332168378?
1
What is the thousands digit of 297319233?
9
What is the ten thousands digit of 16657650?
5
What is the hundred thousands digit of 6519958553?
9
What is the hundred thousands digit of 560059003?
0
What is the hundred millions digit of 796711844?
7
What is the millions digit of 1195308974?
5
What is the billions digit of 3784652806?
3
What is the millions digit of 83851028?
3
What is the ten thousands digit of 124131173?
3
What is the units digit of 49582204?
4
What is the ten millions digit of 883271737?
8
What is the units digit of 3045543656?
6
What is the units digit of 182046124?
4
What is the millions digit of 200375111?
0
What is the thousands digit of 1773817209?
7
What is the hundred thousands digit of 25132416?
1
What is the ten thousands digit of 4841342?
4
What is the units digit of 43344052?
2
What is the thousands digit of 43096869?
6
What is the ten thousands digit of 4490604504?
0
What is the tens digit of 824879683?
8
What is the ten millions digit of 1827251282?
2
What is the hundred thousands digit of 587973413?
9
What is the ten thousands digit of 343177302?
7
What is the ten thousands digit of 7145236?
4
What is the millions digit of 1985396822?
5
What is the units digit of 167097104?
4
What is the hundred thousands digit of 1750765516?
7
What is the units digit of 36821694?
4
What is the ten thousands digit of 99105984?
0
What is the tens digit of 591005168?
6
What is the tens digit of 1430081617?
1
What is the hundred thousands digit of 331194049?
1
What is the units digit of 785297421?
1
What is the hundreds digit of 184831